 ((-8)/(t/(-67)))/(1/6). Suppose u = 9*d - 330. What are the prime factors of d?
59
Suppose -231*k = -126*k - 113*k + 377208. What are the prime factors of k?
3, 13, 31
Suppose 2*g - 25594 = -4*u, -51213 = -4*g + 274*u - 277*u. List the prime factors of g.
3, 1423
Suppose -2*w + s = -6468 + 336, -9201 = -3*w + 3*s. Suppose 2*a - 597 = a - 4*o, -5*a + w = 4*o. What are the prime factors of a?
617
Let k(z) = 359*z**2 + 3*z + 6. Let t be k(-2). Suppose 291*f - 289*f = t. What are the prime factors of f?
2, 359
Suppose 14 = -2*v + 18. Suppose -v*f = -23 + 43. List the prime factors of -1 - (804/f + 4/10).
79
List the prime factors of (36/24)/(1/((-50230)/(-15))).
5023
Suppose 0 = -38*s + 825069 + 409181 + 112698. What are the prime factors of s?
2, 37, 479
Let q(k) be the first derivative of k**4/4 + k**2 + 88*k - 20. Let s be q(0). What are the prime factors of s*(5/10 + 1)?
2, 3, 11
Suppose -5*r = -2*n - 2 + 4, -4*n = -3*r + 24. What are the prime factors of ((-2452)/10)/(-2*n/(-45))?
613
Suppose 0*w + 330 = r - 5*w, -4*w - 20 = 0. Suppose 16*l - 5599 = r. List the prime factors of l.
3, 41
Suppose 4*j = 8, 5*j - 13 + 0 = -l. Suppose 5*q - x = l*x + 3580, -4*q = x - 2885. List the prime factors of q.
2, 3, 5
Let l = -38903 + 64355. List the prime factors of l.
2, 3, 7, 101
Suppose t + 345 = 1353. Suppose 4*w - 704 = t. List the prime factors of w.
2, 107
What are the prime factors of (-6792)/(-15)*(1488/24 + 0 + -7)?
2, 11, 283
Suppose 11 = -k - 5*d, 4 + 9 = -3*k - 5*d. What are the prime factors of (-50264)/305*5*k?
2, 103
Let g(o) = o - 67. Let p be g(24). Let v = 35 - p. What are the prime factors of v?
2, 3, 13
What are the prime factors of (-48)/(-80) - 900756/(-15)?
3, 37, 541
Suppose 4*t = 2*a + 284, 4*a + 213 = 3*t + 8*a. Suppose 0*h - 4*h + 72 = 2*y, -t = -2*y - 3*h. What are the prime factors of y?
2, 17
Let r(v) = -2624*v + 159. What are the prime factors of r(-2)?
5407
Let i(b) = 3*b - 9. Let q be i(6). Let d(n) = n**3 + 2*n**2 + 11*n - 35. List the prime factors of d(q).
5, 191
Suppose 20*n + 26*n - 986260 = 1462872. What are the prime factors of n?
2, 7, 3803
Suppose -2*w - 5*o - 9 = 0, -w - 1 = 2*o + 3. Let f be -4 - 10*(w - -10). Let v = -29 - f. List the prime factors of v.
5, 11
What are the prime factors of -9 - -12 - 8/(-2) - -4855?
2, 11, 13, 17
Let s = 26014 - 17388. List the prime factors of s.
2, 19, 227
Let a(p) be the first derivative of p**4 - 7*p**3/3 - 4*p**2 + 3*p + 7. Let j be a(-3). Let n = j - -216. List the prime factors of n.
2, 3
Let s = 186 + -292. Let q = 60 - s. List the prime factors of q.
2, 83
Let m(p) = -6*p**2 + 111*p - 156. Let b(u) = u**2 - 16*u + 22. Let o(x) = 27*b(x) + 4*m(x). List the prime factors of o(-17).
3, 211
Let t(y) = 85*y + 70. Let q(d) = -42*d - 35. Let m(j) = -9*q(j) - 4*t(j). What are the prime factors of m(8)?
3, 113
Suppose 128*p = 36*p + 468188. What are the prime factors of p?
7, 727
Let v = 35 + -10. Let j be 4 + (v/(-5))/(-5). Suppose j*i - 2*i - 264 = 0. What are the prime factors of i?
2, 11
Let m(d) = d**3 - 19*d**2 + 2*d + 13. Let c be m(19). Suppose 0 = 2*p + 63 + c. Let b = -23 - p. What are the prime factors of b?
2, 17
Let z(p) = -69*p + 25. Let f(s) be the first derivative of 23*s**2 - 17*s - 5. Let r(w) = 8*f(w) + 5*z(w). What are the prime factors of r(2)?
5, 7
Let x(a) = -a**2 + 26*a - 21. Suppose -4*l = 5*q - 16, 4*q - 3*l - 14 = -5*l. Suppose 2*p - 34 = -t, -4*p - 3*t - q + 70 = 0. List the prime factors of x(p).
3, 41
Let v(l) = 3*l**2 - 8*l - 2. Let k be v(3). Let h(z) = 4 - 10*z + k + 3 + 6. What are the prime factors of h(-10)?
2, 3, 19
Suppose 0 = 6*c + 230 + 388. Let p = c - -420. What are the prime factors of p?
317
Suppose v = 2*a - 2, -5*v + 3*a + 11 - 35 = 0. Let p = v - -67. Suppose -n + 44 = -p. What are the prime factors of n?
3, 5, 7
Suppose -18*l + 6 = -16*l. Suppose -2*m = 7 - l. Let b = m + 34. List the prime factors of b.
2
Let n(y) = y**3 + 10*y**2 + 6*y - 5. Let k be n(-9). Let p(v) = -3*v - 5 - k + 13*v. List the prime factors of p(13).
103
Let o be (-5)/((-25)/15) + 10. Let k(f) = 3*f - 16 + o - 3*f**3 + 2*f**3 + 16*f**2. What are the prime factors of k(16)?
3, 5
Let f = -366 - -728. Suppose 1638 - f = 4*p. Suppose -d = 2*z + d - 212, -3*z + p = 2*d. List the prime factors of z.
107
Suppose -9*w = -420 - 48. Let t be (-5308)/(-26) - 8/w. Let x = -126 + t. List the prime factors of x.
2, 3, 13
Let v = -2048 + 4221. Suppose -15*q + v = -2162. List the prime factors of q.
17
Let b(r) = -r + 1. Let n(x) = -3*x - 36. Let t(v) = 4*b(v) + n(v). Let i be t(-7). Suppose i*y - 120 = 12*y. What are the prime factors of y?
2, 3
Let i be 2/(-2)*(-1 + (0 - 1)). Suppose -2*s = -7*t + i*t + 1384, 4*s = 2*t - 560. What are the prime factors of t?
2, 3, 23
Suppose 1607 = -4*o + 419. Let c = o - -472. What are the prime factors of c?
5, 7
Suppose 0 = -2*a - 3*a. Let f = a + 6. Suppose -w + 4*b + 78 = f*b, -9 = 3*b. List the prime factors of w.
2, 3, 7
Suppose 0 = 63*t + 26*t - 322981. What are the prime factors of t?
19, 191
Let h = 132341 + -52293. What are the prime factors of h?
2, 5003
Suppose 0 = 59*w - 52*w - 54285. Suppose -w = -5*u - 5*n, 2*u + 2*n + 4643 = 5*u. What are the prime factors of u?
1549
Let a(x) = 164*x. Let o be a(2). Let k(c) = c**3 + 18*c**2 + 28*c + 52. Let f be k(-16). Suppose f = -2*y + o. What are the prime factors of y?
2, 53
Let u(j) = 2 - 1 - 1 - 10*j**2 - 3 - j**3 + 11*j. Let v be u(-11). List the prime factors of 55 - ((-35)/(-20) - v/12).
53
Let m(k) = -k**3 - 8*k**2 + 7*k + 10. Let o be m(-9). List the prime factors of (-5 + o)*(14 + 1) - 2.
7
Suppose 5*p = 2*p + 12. Suppose r = -2*a - 21, -3*a = -a + p*r + 24. List the prime factors of (-2 - a/4)*2*89.
89
Let c(b) = b**2 + 18*b + 13. Let t be c(-17). Let l(w) be the second derivative of -w**5/20 - 5*w**3/6 - w**2 - 2*w. List the prime factors of l(t).
2, 41
Let x(n) = -n**3 + 27*n**2 + 261*n + 5. What are the prime factors of x(26)?
3, 19, 131
Suppose -z - 2*j = -1217, -2 = -j - 6. Suppose -404*p + z = -397*p. List the prime factors of p.
5, 7
Let d = -7658 - -16183. What are the prime factors of d?
5, 11, 31
Let t(b) be the second derivative of -b**5/20 - 8*b**4/3 - 20*b**3/3 + 111*b**2/2 + b + 39. List the prime factors of t(-31).
2, 3, 5, 13
Suppose -3*l = -8*l + 12840. Suppose -3*f + l = 9*f. Let i = 350 - f. What are the prime factors of i?
2, 17
Let d be (-9 - 0)/(2/4). Let c = 138 + -196. Let n = d - c. List the prime factors of n.
2, 5
Suppose -3*g = -t - 34, 3*g - 5*t = -2*g + 70. What are the prime factors of 1 + ((-2)/(g/(-385)) - -5)?
83
Suppose 3*t - 3*g = 183162, -19*g - 14 = -12*g. List the prime factors of t.
2, 15263
Let d(t) = t**3 - 7*t**2 + 3*t - 14. Let f = -54 - -61. Let i be d(f). Suppose 2*a - 3*b = -i*b + 280, -b = 3*a - 440. What are the prime factors of a?
2, 37
Let v(o) = -o**2 - 11*o + 71. Let j be v(5). What are the prime factors of (j/12)/(6/(-4))*434?
7, 31
Let i = -17 - -62. List the prime factors of (12 - 13)*(-2*1 - i).
47
Let n = 48 + -23. Let a be (-5)/n - 11/(-5). Suppose -2*z = a*y - 162, -4*y + 4*z - z = -345. List the prime factors of y.
2, 3, 7
Suppose -12874 = -4*f + 1834. What are the prime factors of f?
3677
What are the prime factors of 5 + ((-54)/5)/((-5)/12250*5)?
5297
Suppose 54*m + 55788 = 134250. What are the prime factors of m?
1453
List the prime factors of (180/54)/((-10)/(-88215)).
5, 5881
Let a(c) = 20*c**2 + 5*c - 8. Let h(i) = i**2 + 12*i + 12. Let v be h(-11). Suppose -11 + v = -5*p. What are the prime factors of a(p)?
2, 41
Let i(u) = u**2 - 6*u + 9. Let t be i(5). Let n be (t + -16)/(4/(-606)). What are the prime factors of 2/7 + n/7?
2, 5, 13
Let z(b) = -4*b - 2. Let j be z(0). Let x be (-273)/(-26)*1*j. List the prime factors of x/(-14)*182/3.
7, 13
Suppose 2*i + 187 = 18*d - 13*d, -i + 121 = 3*d. Let b = 583 + d. What are the prime factors of b?
2, 311
Suppose 192*r = 209*r + 10914. Let w = 368 - r. List the prime factors of w.
2, 5, 101
Let a(z) be the first derivative of -z**2 - 14*z - 6. Let q be a(-7). What are the prime factors of (-28 - 1)*(-1 + q)?
29
Let m(x) = x**3 + 0 + x - 6 - 1. Let j(l) = -2*l**2 + 29*l + 19. Let h be j(15). What are the prime factors of m(h)?
61
Let d(u) = 184*u - 2655. What ar